{"id":19,"date":"2012-05-21T21:15:37","date_gmt":"2012-05-21T19:15:37","guid":{"rendered":"http:\/\/www.weisspfennig.net\/?page_id=19"},"modified":"2019-06-01T15:50:38","modified_gmt":"2019-06-01T13:50:38","slug":"uber-uns","status":"publish","type":"page","link":"https:\/\/www.weisspfennig.net\/?page_id=19","title":{"rendered":"\u00dcber uns"},"content":{"rendered":"<h2>Firmengeschichte<\/h2>\n<p>1999<\/p>\n<p>Gr\u00fcndungsjahr der Firma Elektro Wei\u00dfpfennig<br \/>\nEintrag in das Installateurverzeichnis der Kreiswerke Gelnhausen GmbH<\/p>\n<p>2000<\/p>\n<p>Erweiterung der Gesch\u00e4ftsfelder auf Komplett- und Badrenovierung<\/p>\n<p>2001<\/p>\n<p>Erfolgreiche Pr\u00fcfungen im Installateur- und Heizungsbauerhandwerk,<br \/>\ndem Maler- und Lackiererhandwerk und dem Platten- und Mosaiklegerhandwerk<br \/>\nnach Paragraph 7a HWO (Handerksordnung) und Eintrag in die Handwerksrolle.<\/p>\n<p>2004<\/p>\n<p>Erteilung der Marke Meisterbetrieb &#8211; Handerwerkskammer Wiesbaden<\/p>\n<div align=\"right\"><a href=\"http:\/\/www.weisspfennig.net\/wp-content\/uploads\/2012\/05\/meisterzeichen.jpg\"><img loading=\"lazy\" class=\"alignnone size-medium wp-image-21\" title=\"\" src=\"http:\/\/www.weisspfennig.net\/wp-content\/uploads\/2012\/05\/meisterzeichen-300x269.jpg\" alt=\"\" width=\"300\" height=\"269\" srcset=\"https:\/\/www.weisspfennig.net\/wp-content\/uploads\/2012\/05\/meisterzeichen-300x269.jpg 300w, https:\/\/www.weisspfennig.net\/wp-content\/uploads\/2012\/05\/meisterzeichen.jpg 959w\" sizes=\"(max-width: 300px) 100vw, 300px\" \/><\/a><\/div>\n<h2>Mitgliedschaften<\/h2>\n<p>Handwerkskammer M\u00fcnchen<\/p>\n<div align=\"right\"><a href=\"http:\/\/www.weisspfennig.net\/wp-content\/uploads\/2012\/05\/Bild002.jpg\"><img loading=\"lazy\" class=\"alignnone size-medium wp-image-20\" title=\"\" src=\"http:\/\/www.weisspfennig.net\/wp-content\/uploads\/2012\/05\/Bild002-300x225.jpg\" alt=\"\" width=\"300\" height=\"225\" srcset=\"https:\/\/www.weisspfennig.net\/wp-content\/uploads\/2012\/05\/Bild002-300x225.jpg 300w, https:\/\/www.weisspfennig.net\/wp-content\/uploads\/2012\/05\/Bild002.jpg 500w\" sizes=\"(max-width: 300px) 100vw, 300px\" \/><\/a><\/div>\n<p><a href=\"http:\/\/www.weisspfennig.net\/wp-content\/uploads\/2012\/05\/Bild001.jpg\"><img loading=\"lazy\" class=\"alignnone size-medium wp-image-22\" title=\"\" src=\"http:\/\/www.weisspfennig.net\/wp-content\/uploads\/2012\/05\/Bild001-300x225.jpg\" alt=\"\" width=\"300\" height=\"225\" srcset=\"https:\/\/www.weisspfennig.net\/wp-content\/uploads\/2012\/05\/Bild001-300x225.jpg 300w, https:\/\/www.weisspfennig.net\/wp-content\/uploads\/2012\/05\/Bild001.jpg 500w\" sizes=\"(max-width: 300px) 100vw, 300px\" \/><\/a><\/p>\n<p>2018 Umzug nach Pfaffing (Lkr. Rosenheim)<\/p>\n","protected":false},"excerpt":{"rendered":"<p>Firmengeschichte 1999 Gr\u00fcndungsjahr der Firma Elektro Wei\u00dfpfennig Eintrag in das Installateurverzeichnis der Kreiswerke Gelnhausen GmbH 2000 Erweiterung der Gesch\u00e4ftsfelder auf Komplett- und Badrenovierung 2001 Erfolgreiche Pr\u00fcfungen im Installateur- und Heizungsbauerhandwerk, dem Maler- und Lackiererhandwerk und dem Platten- und Mosaiklegerhandwerk nach Paragraph 7a HWO (Handerksordnung) und Eintrag in die Handwerksrolle. 2004 Erteilung der Marke Meisterbetrieb &#8211;<\/p><\/div>\n<div class=\"blog-btn\"><a href=\"https:\/\/www.weisspfennig.net\/?page_id=19\" class=\"home-blog-btn\">Weiterlesen<\/a><\/p>\n","protected":false},"author":1,"featured_media":0,"parent":0,"menu_order":0,"comment_status":"closed","ping_status":"closed","template":"","meta":[],"_links":{"self":[{"href":"https:\/\/www.weisspfennig.net\/index.php?rest_route=\/wp\/v2\/pages\/19"}],"collection":[{"href":"https:\/\/www.weisspfennig.net\/index.php?rest_route=\/wp\/v2\/pages"}],"about":[{"href":"https:\/\/www.weisspfennig.net\/index.php?rest_route=\/wp\/v2\/types\/page"}],"author":[{"embeddable":true,"href":"https:\/\/www.weisspfennig.net\/index.php?rest_route=\/wp\/v2\/users\/1"}],"replies":[{"embeddable":true,"href":"https:\/\/www.weisspfennig.net\/index.php?rest_route=%2Fwp%2Fv2%2Fcomments&post=19"}],"version-history":[{"count":2,"href":"https:\/\/www.weisspfennig.net\/index.php?rest_route=\/wp\/v2\/pages\/19\/revisions"}],"predecessor-version":[{"id":159,"href":"https:\/\/www.weisspfennig.net\/index.php?rest_route=\/wp\/v2\/pages\/19\/revisions\/159"}],"wp:attachment":[{"href":"https:\/\/www.weisspfennig.net\/index.php?rest_route=%2Fwp%2Fv2%2Fmedia&parent=19"}],"curies":[{"name":"wp","href":"https:\/\/api.w.org\/{rel}","templated":true}]}}